= -49 - 27*f - 25*f - 22*f + 45 + 68*f. Determine y(5).
-34
Let v(c) = 5*c**2 - 24*c - 11. Let s(q) = -q**2 - q + 1. Let k(h) = -5*h**2 + 9*h + 8. Let j(f) = k(f) - 3*s(f). Let w(p) = -7*j(p) - 3*v(p). Determine w(-11).
9
Let z(l) = -27*l - 60. Let j be -1 + 3 - (3 - (-11)/11). Let f be z(j). Let w(m) be the second derivative of -m**4/6 - 4*m**3/3 - 3*m**2/2 + m. Determine w(f).
-27
Let m(n) = 2*n**2 - 19*n + 26. Let b be m(8). Suppose g - k = -8, 7*g - 3*k = 6*g - b. Let f(q) = -q - 18. What is f(g)?
-7
Let p(s) = -103*s**3 - 49*s**2 + 58*s - 54. Let b(o) = -22*o**3 - 10*o**2 + 12*o - 11. Let l(r) = -14*b(r) + 3*p(r). Give l(-8).
8
Suppose -4*f - 3*c = -4, 2*f + 0*c = -5*c + 2. Let q(h) = f - 4 + h - 5. Let m be (-1)/(-3) - (-34)/6. Calculate q(m).
-2
Let a be (-1323)/(-567) - 7/3 - 2/(-1). Let h(q) = -19*q**2 + 2*q - 1. What is h(a)?
-73
Let l(q) = q**2 - 4*q - 16. Let f be l(5). Let u(p) be the first derivative of -p**2 + 8*p + 24. Determine u(f).
30
Let k(q) be the second derivative of q**6/120 + 7*q**5/30 + q**4/2 - 3*q**3 + 177*q**2/2 + 11*q. Let y(b) be the first derivative of k(b). Calculate y(-13).
-5
Let f(i) be the first derivative of -2*i**3/3 + 7*i**2/2 + 19*i + 166. Determine f(5).
4
Let s be (-3 - 6) + 1 + (-2)/2 + 3. Let w(p) = p**2 - p + 6. What is w(s)?
48
Let a(l) be the second derivative of -4*l**5/5 + l**4/12 + l**3/6 - l**2/2 - 116*l. Let n be ((-2)/(-3))/((-4)/42). Let y = 8 + n. Give a(y).
-15
Let l = 65 - 65. Let x(f) = 4 + l*f - 10 - 4 - f. Suppose 4*k + 7 = -z - 10, 2*z - 3*k = -1. Give x(z).
-5
Let v(p) be the first derivative of p**3/3 - 3*p - 358. Let s be (-2 - 4)/(-2*1). Determine v(s).
6
Let c(w) = w**2 - 17*w - 43. Suppose -4*l - 2*g = -6*l + 26, -3*g = -18. Determine c(l).
-5
Let s = 108 + -104. Suppose o + s*o - 20 = 0, 5*g + 2*o + 22 = 0. Let y(a) be the first derivative of -a**2/2 + 4*a + 3. Calculate y(g).
10
Let y(o) = 1 - o**2 - 90*o - 11*o + 104*o. Let g(m) = 6*m**2 + m + 7. Let v(h) = -h**2 + h. Let l(t) = g(t) + 5*v(t). Let c be l(-5). Calculate y(c).
3
Let h(f) = -18*f**3 + 25*f**2 + 41*f**3 + 32*f**2 - 4 - 59*f**2 - 24*f**3 + 5*f. Give h(3).
-34
Let y(x) = 29*x**3 + 73*x**2 - 28*x**3 - x - 71*x**2 - 1. Let l = 1 + 3. Let j = l + -6. What is y(j)?
1
Let n(h) = -4 - h + 0*h + 12. Let g = 233 + -138. Let o be (-69)/(-828) - g/(-12). Give n(o).
0
Let a(k) be the first derivative of -1/4*k**4 - 2*k**3 + 3*k**2 + 51 - 5*k. What is a(-7)?
2
Let t(m) = -16*m + 5. Let a(s) = 7*s - 2. Suppose -42 + 26 = -4*f. Let x(w) = f*t(w) + 9*a(w). Determine x(-7).
9
Let i(a) = -12*a - 3*a - a**2 + 31 + 3*a - 22. Let j(x) = -3*x**2 - 12*x + 2. Let c be j(-5). Calculate i(c).
-4
Let y(a) = -2*a**2 - 56*a + 334. Let x be y(5). Let j(i) = 6*i**2 + i + 1. Give j(x).
101
Let n(g) = g**3 + 10*g**2 + 2*g + 15. Let y(s) = -3*s**3 + 50*s**2 + 16*s + 7. Suppose 5*x - 95 = 4*t - 9*t, 0 = -t + 4*x + 9. Let a be y(t). Give n(a).
-5
Let x(v) = 2*v**2 + 3322 - 3352 + v**2 - 2*v**2 - 3*v**2 + 14*v. Determine x(5).
-10
Suppose h = z - 1, h + 10 = -5*z - 9. Let w(g) = 4*g + 3. Suppose 5 = 4*i + 9. Let s(b) = b + 1. Let t(p) = i*w(p) + 5*s(p). Determine t(h).
-2
Let l(b) = 30*b + 171. Let r(m) = -m - 1. Let v(i) = l(i) - 5*r(i). Determine v(-5).
1
Let x(n) = -11*n**2 - 3*n - 1. Let k be (3/(-2) - 5070/12)/(-2). Let o = k + -214. What is x(o)?
-39
Let d(q) be the first derivative of 36 - q**2 - 9*q - 7/3*q**3 - 1/4*q**4. Let a(f) = -f**2 - 4*f - 2. Let l be a(-5). Determine d(l).
5
Let v be (-24)/9*22*9/(-24). Let l(j) be the second derivative of -13/6*j**3 - v*j + 0*j**2 + 0. Calculate l(-1).
13
Let q(a) be the third derivative of -a**5/60 - 43*a**4/24 - 139*a**3/6 - 9901*a**2. Determine q(-4).
17
Let n(f) = 2*f - 4. Let y be 18/4*(-24)/(-36). Suppose y*j - 5 = -5*p - 0*j, j + 17 = 3*p. Suppose 0 = -s - 4*c - 1, s - p*c = 5*s - 8. Calculate n(s).
2
Let f(j) = j**2 + 15*j + 46. Let i be f(-11). Let y(k) = -12 - 4 + i*k + 17. Calculate y(5).
11
Let q = -160 + 161. Let s(c) = c + 4. Let p(y) = -2*y - 2. Let l(d) = q*s(d) + 2*p(d). Determine l(6).
-18
Let d(z) = 8*z**2 - 12*z - 16. Let f(b) = -13*b**2 + 11*b + 17. Let w(v) = 3*d(v) + 2*f(v). What is w(-9)?
-50
Let z = 74 + -49. Let l = 30 - z. Suppose -7 - 23 = -l*r. Let j(y) = y**3 - 6*y**2 - y + 2. Determine j(r).
-4
Suppose 16*h = 81 - 241. Let b(z) = z**3 + 10*z**2 - z + 3. Give b(h).
13
Let o(d) = 9 - d**2 + 3*d - 31 - 4*d**3 + 8 + 3*d**3 + 11. Give o(-4).
33
Let i(o) = 2*o - 15. Let v(b) = b**3 - 29*b**2 - 4*b + 71. Let p be v(29). Let k = p + 56. Determine i(k).
7
Let y(a) = 29*a**2 + 82*a - 6. Let d(r) = -27*r**2 - 77*r + 7. Let l(m) = 13*d(m) + 12*y(m). Calculate l(-6).
13
Let n(a) = 384347*a + 16*a**2 + 7 + 14 - 384325*a. Determine n(-1).
15
Let r(s) = 48*s**2 + s - 3. Let i(v) = 292*v**2 + 6*v - 19. Let g(f) = -i(f) + 6*r(f). Give g(-2).
-15
Suppose -5*q + 2*v = 38, 2*v = 33 + 9 - 24. Let a(r) = 5*r**2 - 3. Let x(i) = 6*i**2 - 3. Let g(z) = -5*a(z) + 4*x(z). Give g(q).
-13
Let z be 2/(-13) - 0 - 2016/(-91). Let c(k) = 18*k - 387. Give c(z).
9
Let x(y) = -8*y + 397 + 0*y - 403. Give x(2).
-22
Let l(s) = -s**2 + 5*s - 2. Let k be l(5). Let w(h) = 40*h**2 - 20*h**2 + 2*h + 0*h**2 - 18*h**2. Calculate w(k).
4
Let h = 90 + -93. Suppose -4*f - 8 = 4*j - 0, 2 = -3*f - 2*j. Let y(l) = l - 9 - f + 7 + 0*l. Calculate y(h).
-7
Let d(z) = -z**2 + 11*z - 14. Suppose 21*i - 64 = 5*i. Calculate d(i).
14
Let r(o) = 8 + 6*o**3 + 713*o + 19*o**3 - 703*o - 14*o**3 + 2*o**2. Determine r(-1).
-11
Suppose -i + 3 + 5 = 3*o, -5 = 2*i - o. Let v(t) = 4*t**2 - t - 4. What is v(i)?
1
Suppose 1 = 5*r + 5*c + 6, 0 = -r + c + 7. Let d(g) = 11*g - 1. Let s(q) = -4*q. Let a be 2/((-19)/(-5) - 4). Let w(j) = a*s(j) - 4*d(j). Calculate w(r).
-8
Let h = 64 - 65. Suppose -j - 5*s + 27 = 0, -3*j + 7 = -4*s + 21. Let z(d) = -13*d + 1 + 16*d - j*d + 5*d**2. Calculate z(h).
5
Suppose 196*v = 197*v - 3. Suppose -4*t - 13*u + 14 = -11*u, 2*u - 10 = -v*t. Let n(g) = -2*g**2 + 5*g + 4. What is n(t)?
-8
Let b(o) = -o**2 - 4*o + 2. Let x be ((-3)/2)/((-14)/(-28)). Let s = -3 - -5. Let l be 2/(1/x*s). Determine b(l).
5
Let c = 10 + -20. Let w(u) be the third derivative of u**6/120 + 3*u**5/20 - 5*u**4/12 - 5*u**3/3 + 18*u**2 + 234*u. Calculate w(c).
-10
Let q(k) = -k**2 - 8*k - 9. Let f(z) = 6*z**2 - 6*z - 43. Let h be f(3). What is q(h)?
-2
Let d(i) = -2*i - 27. Let l be d(-6). Let x be (-2)/4 - l/6. Let o(k) = -3*k**2. Let q(t) = t**2. Let y(n) = -2*o(n) - 7*q(n). Determine y(x).
-4
Let c be (-1 - -1)/(-4 - -3)*1. Let d(w) = c*w + 1 + w - 4*w + 4*w. Let l(y) = -y**2 + 3*y + 6. Let f be l(4). Determine d(f).
3
Let j(w) be the third derivative of w**6/120 + 13*w**5/30 + 23*w**4/24 - 26*w**3/3 - 16*w**2 - 35. Calculate j(-25).
-2
Let w be 80/160 + 1 + 1/2. Let z(t) = -7*t**3 + 5*t**2 - 7*t - 5. Let a(v) = -3*v**3 + 2*v**2 - 3*v - 2. Let n(g) = 9*a(g) - 4*z(g). Determine n(w).
4
Let t(z) be the second derivative of -8*z**3/3 - 28*z**2 + 9*z - 229. Give t(-6).
40
Let c(s) = -s - 2. Let g(v) = -2*v - 3. Let p(x) = -3*c(x) + 2*g(x). Let b = -188 - -186. Give p(b).
2
Let o(r) be the second derivative of -r**8/1344 - r**7/2520 + r**5/120 - 89*r**4/4 - 243*r. Let s(q) be the third derivative of o(q). Give s(1).
-5
Let c = -94 + 87. Let x(r) = -1. Let g(s) = s - 8. Let d(o) = g(o) - 6*x(o). What is d(c)?
-9
Let d(x) = -x**2 + x + 8. Let o(c) = -c**2 + 12*c + 297. Let s be o(-12). Let b be ((-3)/s)/((-39)/468). Determine d(b).
-4
Let t(b) = -11 + 1177*b - 588*b + b**2 - 582*b - 5. Calculate t(-11).
28
Suppose k - 3 = -1. Let m(v) be the second derivative of -v**5/20 + v**4/12 + v**3/2 - v**2 + 5*v + 46. What is m(k)?
0
Let n(f) = f**3 - 25*f**2 - 27*f + 30. Let t be n(26). Let a(s) = -s**3 + 3*s**2 + s + 26. Give a(t).
14
Suppose -932*v + 939*v = 14. Let o(c) = 4*c**3 + c**2 + 1. Let d(a) = -2*a**3 - a**2. Let q(n) = -7*d(n) - 4*o(n). Give q(v).
-8
Suppose 12 = 3*q - 3*u, 0 = 3*q + 5*u - 2433 + 2413. Let n(t) = -t**3 - t**2 + 7*t + 5. Calculate n(q).
-110
Let d be 15/9 - -2*(0 + (-14)/(-3)). Let v(i) = 2*i**2 - 23*i + 10. Calculate v(d).
-1
Let x(p) be the first derivative of -p**4/4 + 8*p**3/3 + p**2/2 - 11*p - 1214. Calculate x(8).
-3
Let z(u) = -3*u**2 + 3*u - 2. Suppose -2*n = -6 - 0, 5*t = -5*n. Let a(y) = 2*y**2 - y + 2. Let j